me number?
True
Is 34990163 composite?
True
Is 54576383 a prime number?
False
Is 38833783 prime?
True
Is 5809711 prime?
True
Is 66252421 a composite number?
True
Is 10247423 prime?
True
Is 113695511 composite?
False
Is 451211 a prime number?
False
Is 313579 a composite number?
True
Is 1196671 a composite number?
True
Is 46635217 composite?
False
Is 5280569 a prime number?
False
Is 3902557 composite?
False
Is 3852521 a prime number?
False
Is 3317459 composite?
True
Is 1026293 a prime number?
True
Is 8196301 a prime number?
True
Is 1082437 prime?
False
Is 62329569 a composite number?
True
Is 33581741 a composite number?
False
Is 11495483 prime?
True
Is 4650137 composite?
False
Is 372461 composite?
False
Is 2284537 prime?
True
Is 14881877 composite?
False
Is 1431074 prime?
False
Is 48832283 composite?
True
Is 2802559 a composite number?
True
Is 12051667 composite?
True
Is 362686373 a prime number?
False
Is 2811437 prime?
False
Is 1448303 a prime number?
True
Is 3842821 composite?
True
Is 9688274 prime?
False
Is 662203 a composite number?
False
Is 22587365 a prime number?
False
Is 65575085 a prime number?
False
Is 726884659 a prime number?
True
Is 56947153 a composite number?
False
Is 27051839 a composite number?
True
Is 2418293 composite?
False
Is 22881361 a prime number?
False
Is 8160727 prime?
True
Is 1950313 prime?
False
Is 54415061 prime?
True
Is 34381099 a prime number?
True
Is 22379867 prime?
True
Is 38182637 a prime number?
True
Is 14331721 composite?
False
Is 898973 composite?
True
Is 69878777 a prime number?
False
Is 19027067 composite?
True
Is 1230167 composite?
False
Is 490849 prime?
True
Is 3484729 a composite number?
False
Is 95597 composite?
False
Is 32780347 a composite number?
False
Is 2913679711 prime?
True
Is 1706741 composite?
False
Is 9671617 a composite number?
True
Is 36541289 a composite number?
True
Is 102782209 a prime number?
True
Is 820447 prime?
False
Is 48558241 composite?
False
Is 705949 prime?
True
Is 19629959 a composite number?
False
Is 30947726 a prime number?
False
Is 56269363 a composite number?
False
Is 23298851 composite?
True
Is 3122257 a prime number?
False
Is 140206877 prime?
False
Is 33794731 prime?
True
Is 2228803 a prime number?
False
Is 206308313 a composite number?
False
Is 31685447 a prime number?
False
Is 1975193 composite?
True
Is 23829797 a prime number?
False
Is 5677163 a composite number?
False
Is 7772993 composite?
True
Is 24719093 a composite number?
True
Is 16277741 a prime number?
True
Is 16400542 a prime number?
False
Is 15258461 a composite number?
True
Is 607301 a composite number?
False
Is 37600973 a composite number?
False
Is 448769 a composite number?
False
Is 1961321 prime?
True
Is 12769287 prime?
False
Is 163494445 a prime number?
False
Is 26331947 prime?
True
Is 18275779 a prime number?
True
Is 94672561 a prime number?
True
Is 11527973 a composite number?
False
Is 472212343 a composite number?
False
Is 322848137 a composite number?
False
Is 6752777 a prime number?
False
Is 83631623 prime?
False
Is 8901391 prime?
False
Is 33073091 a prime number?
False
Is 7814438 a prime number?
False
Is 2060426 a prime number?
False
Is 55914791 prime?
True
Is 1248991 a composite number?
False
Is 9319547 a composite number?
False
Is 46774909 a composite number?
False
Is 13450267 composite?
False
Is 377341511 a prime number?
False
Is 83214029 a prime number?
True
Is 18493927 a composite number?
False
Is 7028377 prime?
True
Is 7964131 prime?
False
Is 4382461 a prime number?
False
Is 1289267 a composite number?
True
Is 7943317 composite?
False
Is 803545 composite?
True
Is 281861 prime?
False
Is 2483291 a prime number?
True
Is 1937123 prime?
True
Is 126594407 a composite number?
False
Is 83475097 a composite number?
False
Is 240313 composite?
True
Is 54571217 composite?
True
Is 206693977 composite?
True
Is 1216987 prime?
True
Is 291297313 a prime number?
True
Is 7007555 a composite number?
True
Is 437467 a prime number?
True
Is 4749787 a prime number?
False
Is 3099059 composite?
False
Is 1011860507 composite?
True
Is 58711717 a prime number?
False
Is 873713891 a prime number?
False
Is 2436677 composite?
False
Is 38398799 a composite number?
True
Is 1153309 prime?
True
Is 170709959 a composite number?
True
Is 2143877 a composite number?
False
Is 94887511 prime?
True
Is 384338561 a prime number?
True
Is 26686045 a prime number?
False
Is 230388269 a composite number?
False
Is 5604241 composite?
True
Is 51706873 a prime number?
True
Is 33241891 prime?
True
Is 5153831 composite?
False
Is 89670347 a prime number?
False
Is 8398369 composite?
True
Is 88861879 prime?
False
Is 5375983 a composite number?
True
Is 45947323 composite?
False
Is 75048107 prime?
False
Is 7176089 composite?
False
Is 3339977 composite?
False
Is 2179753 a composite number?
False
Is 700919 composite?
False
Is 101540209 composite?
True
Is 4354901 a prime number?
False
Is 4801487 composite?
True
Is 10436947 a prime number?
False
Is 52169851 a prime number?
False
Is 31596473 a prime number?
True
Is 68137021 a prime number?
False
Is 334332917 composite?
False
Is 19909011 prime?
False
Is 70348009 a composite number?
False
Is 12977255 composite?
True
Is 2472781 a prime number?
True
Is 705519383 a prime number?
True
Is 42171263 prime?
False
Is 1957987 prime?
False
Is 18780617 prime?
True
Is 54645749 a prime number?
True
Is 813343 a prime number?
True
Is 151084333 a prime number?
False
Is 159859457 a prime number?
True
Is 6267713 a composite number?
True
Is 326318761 composite?
False
Is 205644667 composite?
False
Is 9750194 a composite number?
True
Is 3547981 a composite number?
True
Is 146474269 composite?
True
Is 56755199 prime?
False
Is 6125363 prime?
True
Is 4438717 a prime number?
False
Is 62855281 a prime number?
True
Is 23930549 a prime number?
True
Is 173693587 composite?
True
Is 292109 prime?
False
Is 14276411 prime?
True
Is 1056299 composite?
True
Is 12628391 a prime number?
True
Is 18243417 a prime number?
False
Is 8680703 prime?
False
Is 31762097 a prime number?
True
Is 2243845 composite?
True
Is 5118251 prime?
True
Is 97830419 a prime number?
False
Is 208297829 a composite number?
False
Is 4228381 a composite number?
False
Is 195741277 a composite number?
False
Is 188406989 composite?
False
Is 621363 a prime number?
False
Is 572680541 a prime number?
True
Is 8205697 a prime number?
False
Is 933421 a composite number?
False
Is 208457 composite?
False
Is 7596431 a prime number?
True
Is 15646471 composite?
False
Is 28082557 a prime number?
True
Is 7687387 a composite number?
False
Is 2734239 prime?
False
Is 45846859 composite?
False
Is 21029093 composite?
True
Is 754573 prime?
True
Is 644897051 prime?
True
Is 2675609 a composite number?
False
Is 49881107 a prime number?
True
Is 134152517 composite?
False
Is 9002809 prime?
False
Is 9599647 a composite number?
False
Is 1724777 a prime number?
False
Is 48321601 prime?
False
Is 1101575546 a prime number?
False
Is 12512039 composite?
False
Is 289981 a prime number?
False
Is 11922837 composite?
True
Is 6058583 prime?
True
Is 121183709 prime?
False
Is 1717117 a prime number?
True
Is 1107593 composite?
False
Is 23612171 composite?
True
Is 3761057 a prime number?
False
Is 673153961 a prime number?
True
Is 565639 a composite number?
True
Is 7817903 a prime number?
True
Is 11389153 composite?
False
Is 41545477 a composite number?
False
Is 25685339 composite?
True
Is 1928011 a composite number?
False
Is 5886521 a prime number?
True
Is 285680797 a composite number?
False
Is 2447807 a composite number?
True
Is 17284567 composite?
True
Is 3692011 composite?
True
Is 57665911 a prime number?
True
Is 160415479 composite?
True
Is 70788571 composite?
True
Is 30536435 a prime number?
False
Is 44526023 prime?
False
Is 56682601 a composite number?
True
Is 275456947 composite?
True
Is 142895635 a composite number?
True
Is 242667371 a composite number?
False
Is 51633323 composite?
True
Is 1010640649 a composite number?
False
Is 7163011 composite?
False
Is 1614953 a composite number?
True
Is 491609 a composite number?
True
Is 9495181 a prime number?
False
Is 22107217 a prime number?
False
Is 12222831 a composite number?
True
Is 658817 a prime number?
True
Is 25165597 composite?
False
Is 19003559 composite?
Fa